te?
True
Suppose -4*f = -2*a - 1730, -2*f + 5*a + 1745 = 2*f. Suppose -508 = -7*x + f. Is x a prime number?
False
Let u be (-54)/21*(-14)/3. Suppose -4*t + 3*d = -64, 0*d + 3*d = u. Is t a composite number?
False
Suppose m + 1621 = 19190. Is m a prime number?
True
Suppose 3*v + 140 = 5*t - 180, 2*v = -2*t - 224. Let m = v + 742. Let w = -378 + m. Is w composite?
True
Is (648/45 + -14)*(-420715)/(-2) composite?
False
Let q(i) = -i**3 - 2*i**2 + 2*i + 4. Let o be q(-2). Is o + (1 - 2) + 6350 a prime number?
False
Let m = -101 + 58. Let v = m + 281. Suppose 2*g = 4*j + v, g - 2*j - 595 = -4*g. Is g prime?
False
Let d(x) = 3 - 3*x + 7 - 4 + x**2. Let o be d(3). Suppose 4*z - 384 = 5*i, -2*i - 348 = -4*z - o*i. Is z a prime number?
False
Let y be 1 - (6/6)/((-2)/478). Let n = 31 + 31. Let x = y - n. Is x a composite number?
True
Suppose 0 = -4*r - 16 - 12. Let g = 12 + r. Suppose -5*l + g = -0, -5*x = -3*l - 92. Is x a prime number?
True
Let p(t) = -t**3 - t + 2. Let r be p(0). Suppose 0*i + 239 = r*l + 5*i, l - i - 137 = 0. Suppose 0*d - 2*d = -2*k - 244, d - l = -k. Is d prime?
True
Let b be 24/30*(-5)/(-2). Is b + (-5)/(5/(-356)) a composite number?
True
Let z = 135 - -205. Let f = 1061 - z. Suppose -t + 1138 = u, 0 = 3*t + 4*u - f - 2690. Is t a prime number?
False
Let b be (-4065)/(-18) - (-5)/30. Let a = -99 + b. Is a composite?
False
Let l = -1643 + 2730. Is l composite?
False
Let m(k) = k - 2. Let r be m(4). Let j be (-4)/2*(-118)/4 - -2. Suppose -u + o + 384 = -j, r*o - 2225 = -5*u. Is u prime?
False
Let r = 392 + 145. Is r a prime number?
False
Suppose -900 = -6*w + 3*w. Let x = 81 + w. Is x a prime number?
False
Suppose -19 = -5*v + 61. Let l = 19 - v. Suppose -o - 210 = -l*d, 0 = -2*d + o - 5*o + 126. Is d a composite number?
True
Is -2 - 10/((-30)/11547) prime?
True
Suppose -43*f = -4694 - 31340. Is f prime?
False
Suppose 84 = 3*t + 4*t. Suppose t*m - 15659 = 5*m. Is m prime?
True
Suppose 2*d + 438 = -3*x + 4081, 4*d - x - 7265 = 0. Is d a prime number?
False
Let l(y) = y**3 + 7*y**2 + 2*y - 2. Let j be l(-5). Suppose 61 = 3*r - j. Let n = r + -18. Is n a prime number?
False
Is 1883211/198 + 1 + 7/(-6) a prime number?
True
Suppose 35 = 3*x + 2*x. Let i be (-686)/x - 2/2. Let t = i + 260. Is t a composite number?
True
Let j(s) = -2*s**2 - 4*s - 3. Let r be j(-3). Let y be -3 + 2/((-2)/r). Is -535*(-3 + y + -4) a prime number?
False
Is 3165 + 3/2*(-64)/48 prime?
True
Suppose -9*g = -14*g + 3370. Suppose g - 10805 = -3*a. Is a a prime number?
False
Let d = 33 - 37. Let y(l) = 40*l**2 - 5*l + 2. Is y(d) composite?
True
Let v be ((-44)/4 - -2)*(-3)/9. Let c = -6 + 9. Suppose -v*r + 2*w + 59 = 0, -r + 67 = c*r - 5*w. Is r composite?
False
Let c(i) be the second derivative of i**7/420 - 7*i**6/720 - i**5/24 - 5*i**4/12 - 2*i. Let n(a) be the third derivative of c(a). Is n(6) prime?
False
Let b = 2176 - 1025. Is b a composite number?
False
Suppose -8*c + 10*c = 8. Suppose 1842 = 2*v - 4*w, -4577 = -5*v + c*w - w. Is v prime?
False
Suppose 144*r - 148*r = -15388. Is r a composite number?
False
Is 56/(-8) - (1 + -7069) composite?
True
Let w = 1916 - -5895. Is w a prime number?
False
Suppose 5*g = 3*t + 305, -2*t + 70 = -4*g + 312. Let w(x) = -15*x + 6. Let u be w(-6). Let i = u - g. Is i composite?
True
Suppose -a - 4*m = -4 - 3, 35 = 5*a - 2*m. Let f = a + -9. Is (-770)/(-2) + (-8)/f a prime number?
True
Suppose -4*n = 5*p - 0*p - 1806, -5*n = -3*p - 2276. Is n a prime number?
False
Let c(z) = 3*z**2 - z - 1. Let a be c(-1). Let t = -562 + 621. Suppose -t + 260 = a*g. Is g a composite number?
False
Suppose -d + 4*d = 4*b - 19, 2*b + 8 = -2*d. Is b/(-9) - 32704/(-63) a prime number?
False
Is (-1515645)/(-675) + (-3)/(-5)*1 a prime number?
False
Let q(n) = -121*n + 61. Is q(-30) prime?
True
Let z be (-51)/(-5) + 3 + (-32)/10. Suppose 0*a - z*a = -370. Is a a composite number?
False
Suppose 2*j = 3*j - 655. Let r = j + -395. Suppose -4*o = -r - 48. Is o prime?
False
Let o = 21471 + -1891. Suppose o = 5*h + 5*f - 16155, -3*h = -2*f - 21436. Is (h/(-27))/(2/(-3)) a prime number?
True
Let n = -37 + 46. Let c = n + 22. Is c composite?
False
Let c(o) = 3*o**2 + 6*o. Suppose 2*d = 8, -3*d + 6 = -2*r - 0*d. Let p be c(r). Is (-4)/(-10) + 28377/p prime?
True
Suppose -3 - 3 = -2*x. Suppose -n = x*t + 8 - 1144, 2*t + n = 757. Is t a composite number?
False
Let c = -8093 - -13099. Is c a composite number?
True
Let t(q) = 9*q**3 + q**2 + 2*q + 1. Let d be t(-1). Is (1 + 6/d)*2229 a prime number?
True
Suppose 4*k + 3 = 7. Suppose 2*s - 16 = -a + k, s + 2*a = 10. Is (-2)/s + 2247/12 a prime number?
False
Suppose 2 = 5*o - 18. Suppose o*x - 18 = 474. Is x a composite number?
True
Is 14913/(-27)*(-2 + -2 + 1) composite?
False
Suppose 6*s + 17060 = 10*s. Is s a prime number?
False
Let f(o) = 57*o + 20. Let v(x) = 170*x + 60. Let n(q) = 17*f(q) - 6*v(q). Is n(-11) a composite number?
False
Let c be -3097 - (1 - 1 - -3). Let d = -2193 - c. Is d a prime number?
True
Let r = 21 + -9. Suppose 2*l - r = -l. Suppose 5*d - l*z - 1031 = 0, 0*d = 3*d + 5*z - 589. Is d a prime number?
False
Let r(b) be the second derivative of 4*b**5/5 - 7*b**4/12 - b**2 + 18*b. Is r(5) prime?
True
Is (6/4)/((-123)/(-1111018)) a composite number?
True
Suppose -3*h = -5*h - 8. Let r be (-3165)/10 - (-2)/h. Let x = r + 444. Is x a composite number?
False
Let b = -32052 + 82589. Is b a prime number?
False
Let a(g) = 307*g**2 - 94*g + 2. Is a(5) a composite number?
False
Suppose 0 = -4*w - w. Let k be 4/(14*(-10)/(-40215)). Suppose w = 4*g + g + 5*v - 2960, 5*v + k = 2*g. Is g a prime number?
True
Suppose 3*f = 7*f. Suppose -5*y + 915 = -5*k, 178 = y - 2*k - f*k. Is 1 + y + (1 - -1) composite?
False
Suppose 19*i = 132506 + 342513. Is i a prime number?
False
Let d(r) = r**2 - 2*r + 4. Let t be d(3). Let g(z) = z**3 - 1. Let y(f) = -2*f**2 + 5*f - 8. Let h(s) = 3*g(s) - y(s). Is h(t) prime?
True
Suppose -28*d + 1515 = -31*d. Let l = 130 - d. Is l prime?
False
Let d(w) = 61*w**2 - 18*w - 418. Is d(-21) a composite number?
False
Let a be 5/(15/2)*(3 - 0). Suppose a*w - 4*s = 5*w - 1259, 3*w - 1254 = -3*s. Is w a composite number?
True
Let g be 0*(-3 - -7 - 3). Let k be (g + -4)/(-4) + 3. Suppose 0 = -v - k*v + 1490. Is v a composite number?
True
Let q(v) = 28*v**2 - 27*v + 216. Is q(25) a prime number?
True
Suppose -8 + 4 = 2*k, -19 = -5*f - 3*k. Suppose f*t = 3*y - 0*y + 28, 13 = 2*y + 3*t. Is 119 - y/4*-4 a composite number?
True
Suppose -33 = -3*v + 33. Suppose 3*a + a - v = -3*b, -b - 3*a = -14. Suppose b*n - 11 = n. Is n a composite number?
False
Let h(b) = 13*b**2 - b + 9. Let n be h(4). Suppose 11 = -2*i - n. Let w = 163 + i. Is w a prime number?
False
Let t be (1 + -2)/(-1) - -1. Suppose -4*g + 3*l = -6157, -4*l - t + 6 = 0. Suppose -2*u + s + 615 = -0*u, -5*s - g = -5*u. Is u prime?
True
Let c = -44 - -57. Suppose -c*p = -17*p + 2488. Is p composite?
True
Let w = -8 + 24. Suppose -12 = -3*a + p, 3*p + w = 2*a + 2*a. Suppose -a*q - 5*i = -5*q + 47, 5*i = 15. Is q a composite number?
True
Let d be 15/(-4) + 3/4. Let r be d/(-1 + 200/212). Let p = r + 150. Is p prime?
False
Let s(x) = 10357*x + 51. Is s(2) composite?
True
Suppose -7*f + 16*f - 72 = 0. Is (502/(-8))/(62/8 - f) prime?
True
Let j = 22976 + -12387. Is j a composite number?
False
Let p = 8 + -3. Suppose 267 = p*n - 2*t - t, -2*n = -3*t - 114. Is n a prime number?
False
Suppose -r + z + 3943 = 0, -r + 5*z + 3943 = z. Is r composite?
False
Suppose -s - 143374 = -3*p, 2*s + 2*s = -5*p + 238951. Is p prime?
True
Let o(d) be the second derivative of -3*d**4/4 - 5*d**3/3 - 3*d**2/2 - 3*d. Let x be o(11). Is x/(-18) + 22/99 a composite number?
False
Suppose 75*d = -19*d + 269122. Is d prime?
False
Let z(r) be the second derivative of 65*r**3/2 + 7*r**2/2 - 39*r. Is z(4) prime?
True
Suppose -a - 2*y + 2697 = 0, -3*y + 8103 = 76*a - 73*a. Is a a composite number?
True
Let l(d) = 629*d - 3. Let t be l(7). Let v = 7500 - t. Is v/28 + (-6)/(-21) prime?
False
Let o be -2*4/(-56) - (-24800)/7. Suppose 3*u = 6*u - o. Is u a composite number?
False
Let o = 95 + -93. Is o/2 - (-2226)/3 prime?
True
Let i(p) be the third derivative of p**4/24 + 3*p**3/2 + 7*p**2. Let n be i(-7). Suppose -152 = -n*l + 582. Is l a composite number?
False
Let b = -